 + f = 0. What are the prime factors of t?
2
What are the prime factors of (-2904)/(-18)*210/28?
2, 5, 11
Let r = -32 - -45. Suppose k = -r*k + 1610. List the prime factors of k.
5, 23
Let n(h) = 2*h**2 - 2*h - 9. Let j = 29 - 33. List the prime factors of n(j).
31
What are the prime factors of 3/2*6030/27?
5, 67
Let n(m) = -423*m**3 + 8*m**2 + 11*m + 8. What are the prime factors of n(-2)?
2, 3, 7
Let x(q) = q**3 + 21*q**2 - 2*q - 26. Let z be x(-21). Suppose -12*o = -z*o + 352. List the prime factors of o.
2, 11
Let v(q) = 6*q + 5. Let g be v(5). Let t be g/14*(-4)/(-5). Suppose -104 = -t*b + j, -4*b - 5*j + 92 = -2*b. List the prime factors of b.
3, 17
Suppose 0*f - 4 = -f. Suppose 4*s - f*z - 238 = -6*z, -5*s - 5*z + 290 = 0. Let n = -7 + s. What are the prime factors of n?
2, 3
Let z = 449 + -208. What are the prime factors of z?
241
Let m = 123 + -121. What are the prime factors of 95 + -1 - (0 - m - 1)?
97
Let o = 3 + 1. Suppose 0 = o*z + 63 + 409. Let p = -75 - z. List the prime factors of p.
43
What are the prime factors of 15/(-40) - (-4251)/8?
3, 59
Let f = -9 - -14. Suppose -2*r = -f*r + 9. Suppose 5*p = r*y + 149, -y - 8 = -2*p + 51. List the prime factors of p.
2, 7
Let c = 161 - 140. List the prime factors of c.
3, 7
Let f = -8 - -8. Suppose f = -7*k + 75 + 324. List the prime factors of k.
3, 19
Suppose -5*j = 10, -14*t + 16*t = -2*j + 1004. What are the prime factors of t?
2, 3, 7
Suppose -3*a - 7146 = -5*q, 92*q - 2868 = 90*q - 2*a. What are the prime factors of q?
3, 53
Let m = 3 + 0. List the prime factors of (-9)/(-6)*36 - m.
3, 17
Suppose 43*u - 59*u = -54208. List the prime factors of u.
2, 7, 11
Let x(f) = f - 7. Let j(o) = o**3 + 8*o**2 + 5*o - 5. Let t be j(-7). Let s be x(t). Suppose u + 14 = z - 2*u, u - 14 = -s*z. What are the prime factors of z?
2
Let o(u) = -5*u + u**3 + 11*u - 5*u**2 - 3*u + 12*u**2 - 2. Let j be (-7)/1 + (-2)/(-2). List the prime factors of o(j).
2
Suppose -2*y + 2412 = 4*j + 3*y, -4*y - 624 = -j. What are the prime factors of j?
2, 19
Let d(w) = w**3 + 10*w**2 + 10*w - 6. Let i be d(-9). Let u = 17 + i. Suppose 3*f = -u*m - 8, f = -3 - 1. What are the prime factors of m?
2
Let f be (50 + -3)/(5/15). Suppose -f = -5*n + 2*n - 3*s, 0 = 4*n + 3*s - 187. What are the prime factors of n?
2, 23
Let n be 25/10 + (-2)/(-4). Suppose n*f - 290 = -2*p, -4*f + p + 385 = 2*p. What are the prime factors of f?
2, 3
Suppose 21 = -13*t - 5. List the prime factors of t/(-8) + (-318)/(-8).
2, 5
Let q = -19 + 23. Suppose 4*y = q*p + 192, -y = -5*y - 4*p + 192. What are the prime factors of y?
2, 3
Suppose -10*b = -76 + 6. Suppose b*f - 305 = 395. List the prime factors of f.
2, 5
Suppose 512*o - 510*o - 7914 = -4*q, -9891 = -5*q - 4*o. What are the prime factors of q?
1979
Suppose 3*l = p - 1300, 2*p + 2*l = -1439 + 4039. What are the prime factors of p?
2, 5, 13
Suppose -4*k = 707 + 45. Let b = -116 - k. Suppose 7*s = 4*s + b. What are the prime factors of s?
2, 3
Let b = -96 - -101. Suppose 0 = k - b*g - 22, 0*g = 3*k + 2*g - 151. What are the prime factors of k?
47
Let p(v) = -v + 1. Let i(l) = -2*l - 6. Let k(n) = i(n) - 4*p(n). Let x be k(9). What are the prime factors of 1 - (-180)/(x/2)?
2, 23
Let w(j) = -2*j - 3. Let r be w(-3). Suppose -r*i + 30 = -45. Suppose n + 7 = i. List the prime factors of n.
2, 3
Let b = -1439 + 2436. What are the prime factors of b?
997
Suppose -89951 - 257242 = -77*m. What are the prime factors of m?
3, 167
Let s(l) = l**3 + 6*l**2 - 7*l - 5. Let r be s(-6). Let t = r - 17. What are the prime factors of t?
2, 5
Suppose 4*i + i = -2*b + 41, 2 = -i + 3*b. Let x be (-7 + i)*1/(-2). Let c(w) = w**2 + w + 58. List the prime factors of c(x).
2, 29
Let n(j) = -6*j - 7*j - 32 + 2*j + j**2 + 12. What are the prime factors of n(14)?
2, 11
Let v be (2/(-3))/((-6)/27). Let z = v + -1. List the prime factors of z.
2
Let w(y) = -17*y + 34. Let g be w(10). Let n = g - -410. What are the prime factors of n?
2, 137
Let l = 169 - -237. What are the prime factors of l?
2, 7, 29
Suppose 3*o + 176 - 260 = 0. Let f = o + 146. What are the prime factors of f?
2, 3, 29
Let l be 56/24 - (-6)/9. Suppose l*u + g - 403 = 0, 0 = g - 4. What are the prime factors of u?
7, 19
Suppose -15*d + 46080 = 17*d. List the prime factors of d.
2, 3, 5
Let o(s) = 27*s**2 + 6*s + 28. What are the prime factors of o(-4)?
2, 109
Let j = 241 - -350. List the prime factors of j.
3, 197
Suppose -2*o = -2*y + 96, 4*o + 7*y = 4*y - 157. Let z = -6 - o. What are the prime factors of z?
37
Suppose 4*x - 5*z = 4, 5*z = -0*z. Let q be 2 - (-146)/(x + 1). Suppose 5*h + 5 - q = 0. What are the prime factors of h?
2, 7
Let k(i) be the first derivative of 21*i**2/2 - i + 3. List the prime factors of k(4).
83
Let q(c) = c + 35. Let s be 0*(4 - (4 - -1)). What are the prime factors of q(s)?
5, 7
Suppose -m - 2*m + 33 = 0. Let x = m + -1. Suppose v - 2*y - 11 = x, -106 = -4*v - 3*y. List the prime factors of v.
5
Let s be 2/(-1) - (0 + -20). Suppose -3*a - 1 = 23. Let m = a + s. What are the prime factors of m?
2, 5
Suppose -10 = -2*j, 3*k + 0*k + 3*j + 27 = 0. Let r = k - -18. Suppose -r*f - 188 = -3*y, 124 = 2*y - 0*y - 2*f. List the prime factors of y.
2, 3, 5
Suppose 3*k - 4 = 2*k. Let d(n) = 0 + 3 + 24*n**2 - k + n. List the prime factors of d(1).
2, 3
Let h(m) = 2*m**2 + 11*m + 12. Let w be h(-4). Suppose -88*t + 87*t + 76 = w. List the prime factors of t.
2, 19
Let s(m) = -5*m - 3. Let t be s(-2). Suppose -5*i - t = -197. What are the prime factors of i?
2, 19
Let g(i) = 3*i + 1. Suppose 3*j + w = -0*j + 4, 0 = j - 3*w + 2. Let b be g(j). Suppose f - 26 = -b. What are the prime factors of f?
2, 11
Let j(h) = 2*h**2 - 13*h + 5. Let t be j(6). Let b(p) = 242*p**2. What are the prime factors of b(t)?
2, 11
Let r(d) = d**2 - 6*d + 1. Let h be r(6). Let o be ((-104)/(3 + h))/(-2). Let t = 25 - o. What are the prime factors of t?
2, 3
Let s = 1505 + -377. What are the prime factors of s?
2, 3, 47
Suppose -d = -z + 5*z - 13, 3*d + 9 = 0. Suppose z*j = -4*v + 96, j - 14 - 22 = -5*v. List the prime factors of j.
3, 7
Let c(k) = -k**2 - 6*k + 5. Let u be c(-6). List the prime factors of 0 - -6*u/(30/14).
2, 7
Let b(l) = -13*l**3 + 2*l**2 - 2*l - 5. What are the prime factors of b(-4)?
3, 17
Suppose 48*q - 39*q = 5103. List the prime factors of q.
3, 7
Let q = 2462 - 1578. List the prime factors of q.
2, 13, 17
Let a = 34 + -21. Let m = -46 + 71. Let n = m - a. What are the prime factors of n?
2, 3
What are the prime factors of 354 + 11/((-11)/3)?
3, 13
Suppose -2367 = -6*y + 5817. What are the prime factors of y?
2, 11, 31
Let h(l) = 3*l**2 - 5*l + 2. Let s be h(4). Let r(g) = 2*g**3 + 7*g**2 + 2*g - 4. Let c be r(-2). What are the prime factors of (20/s)/(c/42)?
7
Suppose -y - 5 = r - 4*y, -3*r = 5*y + 43. Let v = 8 + r. List the prime factors of ((-33)/3)/(v/3).
11
Suppose 3*v = -4060 - 2789. List the prime factors of v/(-21) - 22/(-77).
109
Let w be (2 - (7 - 4))*0. List the prime factors of 27/(-18)*(w + -18).
3
Suppose 0*k = -k - 5, -2*b - k = -1. Let f = 315 + -223. Suppose b*l - 4 = f. List the prime factors of l.
2
Let v = -641 + 1028. What are the prime factors of v?
3, 43
Suppose -2*d + 0*d = 228. Let g = 69 - 149. Let i = g - d. List the prime factors of i.
2, 17
What are the prime factors of 52/(-260) - (-34653)/15?
2, 3, 5, 7, 11
List the prime factors of ((-1)/(-4) - (-728061)/76)/2.
2, 5, 479
Suppose 923 + 1366 = 3*s. List the prime factors of s.
7, 109
Suppose -4*k + 115 = -5*l, -3*k + 22 + 50 = -3*l. Let c = 4 - l. Suppose 0 = 5*o - j - 32, -5*o + 4*j + c = -0*j. What are the prime factors of o?
7
Let z be (-10)/(8/(3 + -7)). Let p(q) = q**3 - 4*q**2 - 6*q + 2. Let i be p(z). Let h = 10 + i. What are the prime factors of h?
7
Let b(z) = 6*z - 92. Let y be b(33). Suppose j + y - 126 = 0. What are the prime factors of j?
2, 5
Suppose -18 = 5*z + 17. Let g = z + 7. Suppose 4*j + g = 12. List the prime factors of j.
3
Let q = -45 + 27. What are the prime factors of (-58)/q + 6/(-27) + 110?
113
Let z be (-9534)/56*16/(-6). Suppose 7*d - 2582 = -z. What are the prime factors of d?
2, 19
Suppose 3*h - 1 = n, -2 = -n + 6*h - 4*h. What are the prime factors of n?
2
Let k be 243 + (2*1/(-2) - 0). Suppose -3*w + 3*f + f = -k, -5 